 v(r) = 9*m(r) + 4*y(r). Is v(-11) composite?
False
Suppose -4*m + 5333 + 303 = 0. Is m a composite number?
False
Suppose -15*q = -9*q - 10158. Is q a composite number?
False
Let w(r) = 23*r**2 + 9*r - 15. Is w(-4) a composite number?
False
Is 4083/(-2)*(-26)/39 prime?
True
Suppose 0 = -8*s + 3*s. Suppose 3*m - 4*i + 3*i = 449, 3*m - 5*i - 457 = s. Suppose -3*y + m = -10. Is y composite?
False
Suppose -58 = -0*p + p. Let i = p + 143. Is i composite?
True
Suppose -3 - 5 = 2*f. Let c = -1 - f. Suppose -5*l + 53 = -2*d - 59, -c*l - 5*d = -61. Is l composite?
True
Suppose 105 - 956 = -w. Is w prime?
False
Is (1614/12)/((-1)/(-2)) composite?
False
Suppose -5*w = -0*w - 3*o - 101, -2*w = -5*o - 29. Let s = w - -55. Suppose -x = -5*j - s, -3*j = 4*x - 6*x + 154. Is x a composite number?
True
Let p(w) = -21*w - 4. Let a(g) = -g - 2*g - 2*g + 4*g. Let o(s) = -2*a(s) + p(s). Is o(-5) a composite number?
True
Let l(g) = 2*g**2 + 12*g - 1. Is l(-11) a composite number?
False
Let x(t) = 8*t**3 + 3*t**2 - 5*t - 2. Let j be x(-3). Let k = j - -325. Is k prime?
True
Let o = 2253 - 596. Is o a composite number?
False
Suppose 5*j = 5*d, 12 = -j + 2*d + 2*d. Let c = -4 + j. Is 36 - 2 - (c - 0) prime?
False
Let y = 4 - 13. Let h = y + 3. Is 3/h - (-969)/6 prime?
False
Suppose -9*x + 4*x = -7925. Is x prime?
False
Let z(f) = f**2 + 2 - 3*f**2 + 3*f**2 - 4*f. Let k be 114/22 - (-2)/(-11). Is z(k) a composite number?
False
Let m be 7*14 + -8 + 6. Suppose -4*o - 2*s = -2*o - m, s + 102 = 2*o. Let p = o - -5. Is p composite?
True
Suppose -5*m + 449 = -236. Let z = m - -72. Is z a prime number?
False
Suppose -5*n + r = -0*n - 136, 2*n - 51 = -3*r. Suppose -4*d + 2*d + 344 = 0. Let y = d - n. Is y a composite number?
True
Suppose f - 143 = -0*p - 4*p, 5*p + 840 = 5*f. Is f composite?
False
Let x(n) = -6 + 8 + 8 - 9*n + n**2. Let m be x(8). Is -1 + 78 - (m - 2) prime?
False
Suppose -5*h + 622 = 4*q + 156, q = -3*h + 281. Is h prime?
False
Suppose 85 = 3*g - 1364. Let u be (g/9 + 0)*15. Suppose -u = -6*s + s. Is s prime?
False
Let s(k) = 13*k**2 + k - k + 0*k. Is s(-1) a composite number?
False
Suppose -2*n - y = -343, 2*n - y = 3*n - 173. Let k be 4/8 + n/4. Suppose k = r + p, 0 = r + 2*r + p - 135. Is r composite?
True
Is 38/4 + -10 - (-6011)/2 a composite number?
True
Let r(p) = -45*p - 4. Is r(-3) a prime number?
True
Suppose -j = 4*j. Let m(t) = -t**3 - 8*t**2 + 8*t - 4. Let s be m(-9). Suppose 0 = -2*o + s*o - 2*l - 347, -3*o - 5*l + 340 = j. Is o composite?
True
Let k(w) = w**3 + 9*w**2 + 9*w + 12. Let d be k(-8). Suppose 2*b = -3*r + 80, -d*r - 204 = -4*b + r. Is b a composite number?
True
Let i(t) be the second derivative of -t**4/12 + 11*t**3/6 - 5*t**2 - t. Let s be i(10). Suppose s*q - z = -4*q + 25, -2*q = -4*z - 16. Is q composite?
True
Suppose 75 = -0*s + 3*s. Is s prime?
False
Let w(d) = -d**3 - 4*d**2 + 4*d - 6. Let v be w(-5). Suppose 2*k - 5*k - 51 = 0. Is v/(3/(-1 + k)) prime?
False
Let r(c) be the second derivative of 9*c**5/10 + c**4/6 - c**3/3 + c**2/2 - 5*c. Is r(2) a prime number?
True
Suppose 0*h - h + 1060 = 0. Let z = h + -593. Is z composite?
False
Let i = -11 - -24. Suppose -i = -2*r + 4*w + 139, w = -3. Let g = 135 - r. Is g a composite number?
True
Let z(p) = p**3 - p**2 + 2*p + 226. Is z(0) a prime number?
False
Let d(y) = -y**3 + 6*y**2 + 16*y + 3. Let h be d(8). Let v = -441 - -123. Is 1 + 2 - v/h a composite number?
False
Let l be ((-16)/(-6))/(2/111). Suppose 6*b - 2*b = l. Is b composite?
False
Let t = -308 - -529. Is t prime?
False
Let o(x) = -x - 14. Let y be o(-12). Is (y - 2/(-6))*-69 a prime number?
False
Is 0 + -4 + (549 - -9) a composite number?
True
Let x(k) = -k - 10. Let r be x(-13). Suppose 0 = r*n + 356 - 1541. Is n composite?
True
Suppose 5*a = -4*g + 2652 + 125, 5*a + 2*g - 2771 = 0. Is a composite?
True
Let w be 1 + (-7)/(-1) + -3. Suppose 4*v + 27 = w*i, -5*i + 2*i + 3*v + 15 = 0. Is i a composite number?
False
Suppose -2*j + 478 + 48 = 0. Is j a composite number?
False
Let l(x) = -1. Let p(d) = 12*d. Let g(m) = -m - 2. Let t be g(-3). Let h(n) = t*l(n) - p(n). Is h(-2) prime?
True
Let w(i) = -7*i + 0*i - 18*i. Is w(-1) a prime number?
False
Let t = -13 + 21. Let z be (17 - 1)*(-5)/(-10). Is ((-98)/z)/((-2)/t) a prime number?
False
Let m = 4 - 7. Let t = m + 6. Suppose -393 = t*q - 6*q. Is q a prime number?
True
Let n = 434 - 103. Is n composite?
False
Suppose 5*b - 4531 = -3*c, -6*c + 6018 = -2*c - 5*b. Is c composite?
True
Let s be (-62)/(-10) + (-4)/20. Is (2/s)/((-1)/(-285)) a composite number?
True
Suppose -u + 1 = 2, t - u = 5563. Is (-4)/(-22) - t/(-22) composite?
True
Let k(r) = r**2 + 8*r - 1. Let u be k(-8). Let t(d) = -10*d - 1. Let h be t(u). Let i = -2 + h. Is i prime?
True
Let g = 2380 + -1511. Is g prime?
False
Is (-1669)/(-7) + (-12)/(-21) composite?
False
Suppose 2*s - s - 313 = 0. Suppose -t + 144 = -24. Let k = s - t. Is k a composite number?
True
Let m = 1475 + -1029. Is m a composite number?
True
Suppose 0*l = -m - 3*l - 2, -l = -2*m + 10. Let c be (-2)/m + 279/2. Suppose 3*i - c = 56. Is i a prime number?
False
Let m(h) = -2*h + 134. Is m(0) composite?
True
Let d(n) = -n**3 - 2*n + 25. Is d(0) composite?
True
Let w = 1580 - 571. Is w a composite number?
False
Suppose 2*z - z = 2. Suppose l + z*x - 253 = 0, 0*x = 3*l - 5*x - 781. Is l a prime number?
True
Let h be 86 - -2*1/(-2). Let w = h - 38. Is w prime?
True
Let l be 1/3 + 3832/6. Let i = l + -406. Suppose -4*v = -43 - i. Is v a composite number?
True
Suppose 0 = -7*l + 3*l + 20. Suppose 2*t - s - 67 = -t, 0 = -l*t + 2*s + 111. Is t composite?
False
Let d = -3 - -7. Is (-786)/(-3)*2/d a composite number?
False
Suppose -2*c + 4*v + v = -431, -3*c - 2*v = -675. Is c a composite number?
False
Is ((-335)/(-2))/((-4)/(-4 + -4)) a prime number?
False
Let i = -3020 + 5523. Is i a composite number?
False
Suppose 0 = -5*q + 319 + 586. Let d = q - 121. Suppose -2*p + d = 4*t, -3*t - t + 3*p + 60 = 0. Is t a composite number?
True
Suppose -159 + 251 = 2*j. Is j a prime number?
False
Let c(v) = -103*v + 21. Is c(-11) a composite number?
True
Let z(i) = -3*i**3 + 1. Let g be z(-1). Suppose -l + 395 = g*l. Is l composite?
False
Let q be (7 - 1)*(-7)/(-14). Is 9/q + -6 - -130 composite?
False
Let h(j) = 2*j**2 + 13*j - 4. Is h(-15) prime?
True
Let j = 6 + 245. Is j composite?
False
Suppose 4*j + 3*x - 11 = 6*x, -3*j - 3*x = -24. Suppose -j*l + 56 + 109 = 0. Is l prime?
False
Suppose 464 = 4*b - 4*a, 3*b + 106 = 4*b - 3*a. Is b composite?
True
Let i(k) = k - 6. Let v be i(-6). Is (-9)/v + (-2257)/(-4) composite?
True
Let j(n) = n**3 + 2*n**2 + 2459. Is j(0) a prime number?
True
Suppose h - 1140 - 121 = 0. Is h prime?
False
Let j = 5 - 3. Suppose u - j*u = -4. Suppose 4*k - 133 = 2*k - 5*r, 239 = u*k + r. Is k a composite number?
False
Let o(p) = -28*p - 7. Is o(-11) prime?
False
Suppose 2*v - 3*h = -9, 2*h + 0 = -5*v - 13. Let y be (0 + v)/((-6)/4). Suppose y*f = 5*s + 59, 5*s = f - 39 + 2. Is f composite?
True
Suppose 0 = 43*q - 38*q - 955. Is q composite?
False
Let g = -3 - -3. Suppose g = q - 0 - 14. Is q a prime number?
False
Let k be (-8)/16*0/1. Suppose -y + 2*d + 83 = k, -5*y - d + 222 = -248. Suppose 2*f = -f + y. Is f a prime number?
True
Suppose -3*c = -c - 4. Is 1 + 384/(8/c) prime?
True
Suppose 596 = 9*i - 7*i. Is i composite?
True
Let x = 4629 + 4507. Is x/32 - (-3)/2 a composite number?
True
Suppose 5*a = 4743 + 34202. Is a prime?
True
Suppose -5*m + 3*a - 5*a = -2425, 0 = 5*m + 4*a - 2425. Is m a composite number?
True
Let w be 6/9 - 86/(-6). Let t = w + 7. Let d = t + -11. Is d prime?
True
Let x be 1/(2/(-6)) + -1. Let g = x - 2. Is 13 + (-6)/(g/(-3)) a composite number?
True
Let a = 429 - 246. Let o = a - 109. Is o composite?
True
Let b(y) = -y**3 + 8*y**2 - 4*y - 3. Let a be b(-6). Suppose -2*k + 7*k = a. Suppose 4*s = -s + k. Is s composite?
True
Let u = -5 - -4. Let p be (0 - u*2)*2. Suppose 5*q - 377 = -2*h + 70, 2*q + p*h = 166. Is q composite?
True
Let y = -43 - 31. Let h = 183 - y. Is h a composite number?
False
Let k = 3509 + -2314. Is k a prime number?
False
Let d(n) be the third derivative of 25*n**4/24 - 4*n**2. Suppose -2 = -2*g - 0. Is d(g) prime?
False
Suppose 0 = 4*w + 2*z + z + 32, 5*w = 4*z - 40. Let c be (-4)/w - (-37)/(